{"id":50,"date":"2020-01-21T10:04:09","date_gmt":"2020-01-21T10:04:09","guid":{"rendered":"http:\/\/lindenhof.mfr.land\/?page_id=50"},"modified":"2020-07-16T09:34:41","modified_gmt":"2020-07-16T09:34:41","slug":"geschichte","status":"publish","type":"page","link":"https:\/\/mfr.land\/?page_id=50","title":{"rendered":"Geschichte"},"content":{"rendered":"\n<p><\/p>\n\n\n\n<p>Unser Lindenhof liegt im sch\u00f6nen Mittelfranken und zwar genau im Landkreis Wei\u00dfenburg und Gunzenhausen zwischen den D\u00f6rfern Burgsalach und Indernbuch.<br> <br> Den Grundstein zum Bau des Lindenhofs legten Karl und Lina Rottler, die 1960 den Familienbetrieb \u00fcbernahmen, der schon seit 1701 besteht. Da die Hofstelle im Ortskern von Indernbuch sehr beengt war, beantragte Karl 1962 im Rahmen der Flurbereinigung die Aussiedlung und nachdem dieser Antrag genehmigt wurde baute er, 200 Meter von Indernbuch entfernt, den heutigen Lindenhof.<br> <br> <\/p>\n\n\n\n<p>Drei Jahre nach der Baugenehmigung (1965) konnte die junge Familie Rottler acht K\u00fche und 13 ha landwirtschaftliche Nutzfl\u00e4che vorweisen. Nach Erreichen dieses Meilensteins liesen die n\u00e4chsten Erweiterungen nicht lange auf sich warten. So wurde ein Jungviehstall erweiternd zum Kuhstall gebaut, mehrere Hochsilos erstellt und \u00fcberdacht, eine Maschinenhalle errichtet und der Kuh- und Felderbestand stetig erweitert.<\/p>\n\n\n\n<p>1985 begann der Sohn Helmut Rottler, der den Betrieb sp\u00e4ter \u00fcbernommen hat, mit seiner Frau Karin den Ausbau zum Laufstall f\u00fcr 40 Milchk\u00fche mit Doppel-F\u00fcnfer-Fischgr\u00e4ten-Melkstand. Zudem kam der Bau einer Bergehalle f\u00fcr Getreide und Stroh, eine G\u00fcllegrube und zwei Fahrsilos dazu. Diese wurden 1989 fertig gestellt.<\/p>\n\n\n\n<p>Die \u00dcbergabe an Helmut Rottler, der daraufhin eine Gesellschaft des b\u00fcrgerlichen Rechts (GbR) gr\u00fcndete, fand 1992 statt. Gesellschafter der GbR sind Helmut Rottler, seine Frau Karin Rottler und ihr gemeinsamer Sohn Mathias Rottler, der den Betrieb seit seiner Jugend mit vorantreibt.<br><br>2012 wurde ein Stall f\u00fcr 160 Milchk\u00fche fertiggestellt, in dem drei Melkroboter ihre Arbeit verrichten.<br> In den folgenden Jahren wurde weiter in Maschinenhallen, eine Bergehalle f\u00fcr Stroh und Saatgut, Fahrsilos, einen Milchautomat und eine Biogasanlage, die zu 100% mit G\u00fclle betrieben wird, investiert.<br><br>2020 haben unsere K\u00fche ein Upgrade in Form von drei neuen Lely A5 Astronaut Melkrobotern bekommen. Die neue Technik ist schneller, leiser, energiesparender und individuell auf jede Kuh abstimmbar.<\/p>\n\n\n\n<p>Der Name Lindenhof entstand aufgrund einer wundersch\u00f6nen alten Linde ganz in der N\u00e4he der Hofstelle. Leider musste dieser Baum, der so viele Jahre unsere Gemeinde versch\u00f6nerte, gef\u00e4llt werden, nachdem er von einem Blitz getroffen wurde.<br><br>F\u00fcr weitere Informationen und aktuelle Beitr\u00e4ge k\u00f6nnen Sie uns gerne auf <a href=\"https:\/\/de-de.facebook.com\/lindi.milchautomat\/?ref=page_internal\">Facebook<\/a> und <a href=\"https:\/\/www.instagram.com\/invites\/contact\/?i=16wqiiehrr40m&amp;utm_content=1mf5lru\">Instagram<\/a> besuchen.<\/p>\n","protected":false},"excerpt":{"rendered":"<p>Unser Lindenhof liegt im sch\u00f6nen Mittelfranken und zwar genau im Landkreis Wei\u00dfenburg und Gunzenhausen zwischen den D\u00f6rfern Burgsalach und Indernbuch. Den Grundstein zum Bau des Lindenhofs legten Karl und Lina Rottler, die 1960 den Familienbetrieb \u00fcbernahmen, der schon seit 1701 besteht. Da die Hofstelle im Ortskern von Indernbuch sehr beengt war, beantragte Karl 1962 im &hellip; <\/p>\n<p class=\"link-more\"><a href=\"https:\/\/mfr.land\/?page_id=50\" class=\"more-link\"><span class=\"screen-reader-text\">\u201eGeschichte\u201c<\/span> weiterlesen<\/a><\/p>\n","protected":false},"author":2,"featured_media":83,"parent":0,"menu_order":0,"comment_status":"closed","ping_status":"closed","template":"","meta":{"footnotes":""},"_links":{"self":[{"href":"https:\/\/mfr.land\/index.php?rest_route=\/wp\/v2\/pages\/50"}],"collection":[{"href":"https:\/\/mfr.land\/index.php?rest_route=\/wp\/v2\/pages"}],"about":[{"href":"https:\/\/mfr.land\/index.php?rest_route=\/wp\/v2\/types\/page"}],"author":[{"embeddable":true,"href":"https:\/\/mfr.land\/index.php?rest_route=\/wp\/v2\/users\/2"}],"replies":[{"embeddable":true,"href":"https:\/\/mfr.land\/index.php?rest_route=%2Fwp%2Fv2%2Fcomments&post=50"}],"version-history":[{"count":11,"href":"https:\/\/mfr.land\/index.php?rest_route=\/wp\/v2\/pages\/50\/revisions"}],"predecessor-version":[{"id":308,"href":"https:\/\/mfr.land\/index.php?rest_route=\/wp\/v2\/pages\/50\/revisions\/308"}],"wp:featuredmedia":[{"embeddable":true,"href":"https:\/\/mfr.land\/index.php?rest_route=\/wp\/v2\/media\/83"}],"wp:attachment":[{"href":"https:\/\/mfr.land\/index.php?rest_route=%2Fwp%2Fv2%2Fmedia&parent=50"}],"curies":[{"name":"wp","href":"https:\/\/api.w.org\/{rel}","templated":true}]}}